t -1121202 (base 3) to base 6.
-5245
What is -4132 (base 13) in base 12?
-525a
-10000111001111 (base 2) to base 13
-3c2a
1423432 (base 5) to base 7
153035
290 (base 15) to base 4
21021
What is -12100210 (base 3) in base 2?
-111101000101
-274 (base 12) to base 15
-1a1
100132 (base 5) to base 3
11100022
What is 14330 (base 5) in base 15?
560
2022 (base 5) to base 8
406
Convert -52 (base 7) to base 8.
-45
6955 (base 16) to base 12
13731
346 (base 12) to base 11
402
Convert 14133 (base 9) to base 11.
7227
-1b8c (base 13) to base 3
-12201112
Convert 5979 (base 12) to base 6.
114233
120002 (base 3) to base 7
1121
-503 (base 10) to base 4
-13313
30451 (base 6) to base 3
12120111
Convert 2241 (base 5) to base 4.
11001
What is 1193 (base 10) in base 5?
14233
Convert 3022323 (base 4) to base 11.
9837
What is -4032 (base 6) in base 5?
-12014
Convert 3e (base 16) to base 10.
62
What is -6ac9 (base 14) in base 5?
-1043401
-5245 (base 6) to base 2
-10010011101
159 (base 15) to base 10
309
Convert -10754 (base 12) to base 2.
-101010100110000
-34471 (base 8) to base 7
-60465
Convert 210110 (base 3) to base 11.
487
What is -2012120 (base 3) in base 5?
-22413
1b34 (base 14) to base 3
20210012
Convert -3455 (base 7) to base 11.
-a50
5a0 (base 16) to base 10
1440
Convert -1315 (base 9) to base 12.
-6a2
Convert -421431 (base 5) to base 2.
-11011010100111
What is -195 (base 16) in base 8?
-625
-11112 (base 4) to base 12
-246
What is 487 (base 10) in base 2?
111100111
143 (base 9) to base 10
120
Convert -5713 (base 9) to base 14.
-177a
-34 (base 5) to base 7
-25
-13 (base 11) to base 15
-e
Convert 1143 (base 5) to base 3.
20102
Convert 11101100 (base 3) to base 16.
c7b
166 (base 12) to base 4
3132
Convert -100100110100 (base 2) to base 4.
-210310
What is 28bb (base 13) in base 2?
1011100001100
Convert -13d31 (base 14) to base 6.
-1015543
-6041 (base 7) to base 9
-2768
-5c0 (base 13) to base 8
-1751
Convert -110000111 (base 2) to base 5.
-3031
What is 154213 (base 6) in base 4?
3231201
Convert -100010010111011 (base 2) to base 13.
-8016
16c (base 15) to base 5
2302
Convert -20220 (base 4) to base 7.
-1416
Convert 66 (base 13) to base 11.
77
Convert -626 (base 7) to base 13.
-1b2
Convert 7a5 (base 11) to base 12.
682
4a8 (base 16) to base 12
834
113142 (base 5) to base 6
31152
Convert -155 (base 16) to base 9.
-418
Convert 86d5 (base 16) to base 13.
12932
Convert 1120331 (base 4) to base 10.
5693
Convert -28233 (base 10) to base 15.
-8573
Convert 1011010001 (base 2) to base 16.
2d1
2ccb (base 14) to base 3
102000000
320213 (base 6) to base 7
135543
-5 (base 9) to base 12
-5
15143 (base 6) to base 13
1158
What is 3a70 (base 12) in base 5?
203313
-167b5 (base 13) to base 11
-2a3a9
5 (base 13) to base 10
5
2300 (base 7) to base 3
1010212
Convert 951 (base 12) to base 2.
10101001101
-d7 (base 15) to base 8
-312
-1064 (base 13) to base 7
-6434
What is -121 (base 13) in base 5?
-1241
3724 (base 8) to base 2
11111010100
2022011122 (base 3) to base 10
45323
What is 2323 (base 4) in base 8?
273
What is 1152 (base 8) in base 9?
756
What is 1412 (base 7) in base 16?
224
211413 (base 6) to base 9
25550
What is 15402 (base 6) in base 15?
b32
Convert -103 (base 14) to base 9.
-241
Convert 1d7 (base 14) to base 12.
281
17cdb (base 14) to base 3
10001112111
1111000100101 (base 2) to base 8
17045
What is 3147 (base 10) in base 11?
2401
22212133 (base 4) to base 7
240412
2425 (base 6) to base 8
1121
What is -5b25 (base 13) in base 6?
-135335
Convert 11111110100101 (base 2) to base 11.
11272
-2102 (base 3) to base 12
-55
What is -121230 (base 4) in base 2?
-11001101100
What is -cad (base 15) in base 11?
-2173
Convert 22221201 (base 3) to base 13.
2c80
Convert 27a1 (base 12) to base 14.
1957
Convert -5dda (base 14) to base 2.
-100000001001100
What is 139 (base 11) in base 14?
b9
Convert -1510 (base 10) to base 9.
-2057
-116052 (base 8) to base 14
-107d8
Convert -6320 (base 9) to base 12.
-2823
1033211 (base 4) to base 5
130333
What is -2321 (base 12) in base 13?
-1a20
Convert 6a3 (base 13) to base 10.
1147
-25058 (base 9) to base 16
-41b4
Convert -20234 (base 5) to base 14.
-6a3
Convert -1010000110 (base 2) to base 16.
-286
Convert 20302121 (base 4) to base 6.
434345
What is 13131 (base 6) in base 10?
1999
What is -163 (base 8) in base 14?
-83
-1000 (base 6) to base 4
-3120
-3a0 (base 15) to base 8
-1471
Convert -2340 (base 5) to base 12.
-249
What is -24cc (base 13) in base 7?
-21162
Convert 110012212 (base 3) to base 16.
22ca
13410 (base 7) to base 9
4876
What is 110441 (base 5) in base 13?
19ba
Convert 11363 (base 8) to base 2.
1001011110011
Convert -10001211 (base 3) to base 10.
-2236
-21c (base 13) to base 8
-553
What is -2221 (base 3) in base 8?
-117
What is 95 (base 14) in base 7?
245
What is -3358 (base 11) in base 6?
-32243
29af (base 16) to base 12
6213
-298 (base 12) to base 4
-12110
Convert -11340 (base 8) to base 15.
-1672
What is -20a2 (base 13) in base 7?
-16124
What is -2454 (base 6) in base 13?
-37c
-6203 (base 13) to base 10
-13523
Convert -100000101101 (base 2) to base 6.
-13405
What is 15324 (base 7) in base 8?
10271
1010011100000001 (base 2) to base 13
165c9
What is 11100010011101 (base 2) in base 5?
430433
-10212220 (base 3) to base 13
-139b
Convert 312 (base 7) to base 13.
c0
What is 6353 (base 8) in base 7?
12433
What is 11031 (base 4) in base 10?
333
What is 3400 (base 10) in base 13?
1717
-9245 (base 14) to base 11
-17993
-1111111111 (base 2) to base 15
-483
Convert 2660 (base 9) to base 10.
1998
What is 1000111 (base 3) in base 7?
2110
What is 131145 (base 7) in base 3?
1020112000
What is 131e (base 16) in base 15?
16b4
Convert -100010111001 (base 2) to base 3.
-10001201
Convert 2022 (base 5) to base 8.
406
Convert -9b74 (base 12) to base 4.
-10031020
Convert -13805 (base 9) to base 11.
-7077
Convert 205 (base 13) to base 3.
110201
What is -c6f (base 16) in base 4?
-301233
What is 11547 (base 14) in base 5?
2322303
What is 1036 (base 9) in base 13?
468
Convert 4469 (base 12) to base 4.
1312101
3244 (base 8) to base 7
4646
14987 (base 10) to base 5
434422
b86 (base 15) to base 11
1a55
What is 599 (base 11) in base 10?
713
212 (base 11) to base 9
313
1724 (base 14) to base 8
10064
Convert -1001110101 (base 2) to base 11.
-522
What is -704 (base 14) in base 9?
-1788
What is -6245 (base 9) in base 10?
-4577
What is 250 (base 15) in base 12?
379
Convert -100101001 (base 2) to base 4.
-10221
-14507 (base 8) to base 10
-6471
Convert -30332 (base 4) to base 12.
-592
What is -50 (base 12) in base 7?
-114
-240 (base 13) to base 12
-286
Convert -550 (base 14) to base 5.
-13200
What is 116 (base 8) in base 15?
53
What is -511 (base 9) in base 3?
-120101
-31041 (base 8) to base 7
-52262
18138 (base 10) to base 8
43332
What is 396 (base 16) in base 6?
4130
-10673 (base 15) to base 7
-304563
What is -10111 (base 4) in base 7?
-544
What is 14021 (base 9) in base 13?
4426
-522c (base 14) to base 12
-8234
-e2 (base 15) to base 4
-3110
What is -13032 (base 10) in base 15?
-3cdc
1017 (base 9) to base 15
34a
-49181 (base 10) to base 4
-30000131
-203131 (base 4) to base 5
-33034
Convert -334 (base 5) to base 3.
-10111
Convert 200022112 (base 3) to base 9.
20275
258 (base 11) to base 5
2210
What is 6406 (base 7) in base 16?
8d4
Convert 1101101111 (base 2) to base 4.
31233
Convert -2626 (base 13) to base 7.
-21601
Convert 3676 (base 8) to base 13.
b96
What is 7072 (base 8) in base 2?
111000111010
Convert 170 (base 16) to base 5.
2433
What is -14451 (base 13) in base 15?
-b446
Convert 112111111 (base 3) to base 15.
31ea
-2044 (base 6) to base 7
-1225
What is -34861 (base 9) in base 3?
-1011222001
What is 102035 (base 7) in base 6?
213035
Convert -12210 (base 3) to base 15.
-a6
Convert -a02 (base 14) to base 11.
-1524
What is 1100111011110 (base 2) in base 3?
100002021
What is -4a8 (base 13) in base 9?
-1104
Convert -102201 (base 4) to base 15.
-540
-31ff (base 16) to base 5
-402144
What is -1057 (base 8) in base 4?
-20233
What is 1212011 (base 3) in base 5?
20404
Convert -10da (base 14) to base 7.
-11363
Convert 1125 (base 6) to base 2.
100001101
What is -1534 (base 6) in base 15?
-1cd
Convert 11101110010110 (base 2) to base 7.
62321
Convert -31424 (base 8) to base 16.
-3314
Conve